

{"id":2130,"date":"2020-01-16T20:07:33","date_gmt":"2020-01-16T20:07:33","guid":{"rendered":"https:\/\/molcer.com\/produits\/cadre-ou-matrice\/"},"modified":"2020-01-16T20:07:33","modified_gmt":"2020-01-16T20:07:33","slug":"cadre-ou-matrice","status":"publish","type":"page","link":"https:\/\/molcer.com\/fr\/produits\/cadre-ou-matrice\/","title":{"rendered":"Cadre ou Matrice"},"content":{"rendered":"<blockquote><p>Le cadre ou la matrice constitue l&#8217;\u00e9l\u00e9ment le plus caract\u00e9ristique du moule, puisque c&#8217;est la plaque o\u00f9 les alv\u00e9oles se trouvent. La matrice est fabriqu\u00e9e par des lames en acier F-114 dans lesquelles les dimensions requises sont g\u00e9n\u00e9r\u00e9es tant ext\u00e9rieures comme int\u00e9rieurs, aussi comme les respectifs m\u00e9canises et perc\u00e9es. La matrice est dot\u00e9e d&#8217;un syst\u00e8me de chauffage dans la partie inf\u00e9rieure form\u00e9 par des r\u00e9sistances, qui offrent la temp\u00e9rature parfaite pour le pressage.<\/p><\/blockquote>\n","protected":false},"excerpt":{"rendered":"<p>Le cadre ou la matrice constitue l&#8217;\u00e9l\u00e9ment le plus caract\u00e9ristique du moule, puisque c&#8217;est la plaque o\u00f9 les alv\u00e9oles se trouvent. La matri<\/p>\n","protected":false},"author":25,"featured_media":0,"parent":2048,"menu_order":0,"comment_status":"closed","ping_status":"closed","template":"","meta":{"ngg_post_thumbnail":0,"footnotes":""},"class_list":["post-2130","page","type-page","status-publish","hentry"],"_links":{"self":[{"href":"https:\/\/molcer.com\/fr\/wp-json\/wp\/v2\/pages\/2130","targetHints":{"allow":["GET"]}}],"collection":[{"href":"https:\/\/molcer.com\/fr\/wp-json\/wp\/v2\/pages"}],"about":[{"href":"https:\/\/molcer.com\/fr\/wp-json\/wp\/v2\/types\/page"}],"author":[{"embeddable":true,"href":"https:\/\/molcer.com\/fr\/wp-json\/wp\/v2\/users\/25"}],"replies":[{"embeddable":true,"href":"https:\/\/molcer.com\/fr\/wp-json\/wp\/v2\/comments?post=2130"}],"version-history":[{"count":0,"href":"https:\/\/molcer.com\/fr\/wp-json\/wp\/v2\/pages\/2130\/revisions"}],"up":[{"embeddable":true,"href":"https:\/\/molcer.com\/fr\/wp-json\/wp\/v2\/pages\/2048"}],"wp:attachment":[{"href":"https:\/\/molcer.com\/fr\/wp-json\/wp\/v2\/media?parent=2130"}],"curies":[{"name":"wp","href":"https:\/\/api.w.org\/{rel}","templated":true}]}}

<blockquote><p>Le cadre ou la matrice constitue l&#8217;élément le plus caractéristique du moule, puisque c&#8217;est la plaque où les alvéoles se trouvent. La matrice est fabriquée par des lames en acier F-114 dans lesquelles les dimensions requises sont générées tant extérieures comme intérieurs, aussi comme les respectifs mécanises et percées. La matrice est dotée d&#8217;un système de chauffage dans la partie inférieure formé par des résistances, qui offrent la température parfaite pour le pressage.</p></blockquote>

<p>Le cadre ou la matrice constitue l&#8217;élément le plus caractéristique du moule, puisque c&#8217;est la plaque où les alvéoles se trouvent. La matri</p>
